and c.
5
Suppose -524*d + 588 = 5*c - 521*d, -c = -3*d - 96. What is the greatest common factor of 2451 and c?
57
Let o be 5*((-3)/(-3) - -1). Suppose s = 4, 3*a = -6*s + s - o. Let k be ((-54)/5)/(4/a). Calculate the greatest common divisor of k and 3.
3
Let y(o) = -2 + 13*o + 4*o + 5. Let z be 2*(20 + -9)/22. Let c be y(z). Calculate the greatest common factor of 140 and c.
20
Let r(t) = 5*t**2 - 477*t + 954. Let y be r(2). Calculate the greatest common factor of y and 2500.
20
Let n(b) = -447*b - 233. Let o be n(-5). Calculate the highest common factor of o and 234.
26
Suppose 27*j - 39617 = -2*b, 11*b + 4381 = 3*j + 6*b. What is the highest common divisor of j and 5216?
163
Let b(l) = 128*l - 2. Let j be b(1). Suppose -3*k + j = -2*z, 0 = 5*k + 4*z + 41 - 251. Let x = -2 + k. What is the highest common divisor of 100 and x?
20
Let s = 83 + -31. Calculate the greatest common factor of 806 and s.
26
Suppose -585*q - 475 = -604*q. Suppose 4*y - 2*f + 314 = 0, 3*y - f + 244 - 10 = 0. Let n = y - -127. Calculate the greatest common factor of q and n.
25
Let u(t) = -t**2 + 17*t + 21. Let y be u(18). Let z be y - -11 - (-4 + 3). What is the greatest common divisor of z and 10?
5
Let h be (40230/450)/((-2)/(-60)). What is the greatest common divisor of h and 36?
18
Suppose -l + 4*u + 12728 = 3*l, 5*u + 15 = 0. Let y = 4466 - l. What is the greatest common factor of 117 and y?
117
Let q(v) = 24*v - 2. Let a be q(5). Let s = a - 106. Let f be 4/6 - (-1396)/s. Calculate the highest common factor of 9 and f.
9
Let f = 36 + -30. Let x(k) = 539*k - 575*k - f + 18. Let o be x(-6). Calculate the highest common divisor of o and 12.
12
Let d be ((-11)/33)/((-2)/456). Let m(b) = 5*b**2 - b - 7. Let q be m(-2). Let v be (16 - 12) + 0 + q. Calculate the highest common factor of v and d.
19
Let h = -5407 + 6031. What is the greatest common divisor of 546 and h?
78
Let f be (6/4)/(8/3712). What is the highest common divisor of 36 and f?
12
Let f(d) = -d**2 - 5*d - 5. Let m be f(-7). Let w = m + 23. Suppose 5*p = 4*b + 8, 0*p = -p - w*b + 16. What is the highest common divisor of 10 and p?
2
Suppose -6*z = -11*z + 3*d + 18516, -5*z = d - 18528. Calculate the highest common factor of 1560 and z.
195
Suppose -10*a = 13*a - 161. Let f be (4 + -11 - -4) + 80. What is the highest common divisor of a and f?
7
Let v(l) = -2*l**3 - 3*l**2 - 3*l - 12. Let n be v(-3). Suppose 13*z = m + 11*z - 9, -n = -2*m - 2*z. Calculate the highest common divisor of m and 407.
11
Let z be 95/(-76) - (-90770)/40. Calculate the highest common factor of z and 70.
14
Suppose -p + 7251 = 5*m - 4014, -p - 2259 = -m. Calculate the highest common factor of m and 874.
46
Suppose 2 = -2*q + 2*g + 4, 4*g = -4*q + 36. Let r be 4/10 + (-412)/q. Let c = -48 - r. Calculate the highest common divisor of c and 136.
34
Let c(p) = 2*p**2 + 98*p - 109. Let o be c(-50). Let w(x) = 9*x + 127. Let s be w(o). Calculate the highest common factor of 575 and s.
23
Suppose -10*w + 7*w = 1851. Let p = -393 - w. Calculate the greatest common factor of p and 8.
8
Let m = 115 - 100. Let s = -83 - -130. Let g be -2 + -2 + s - -2. Calculate the greatest common factor of g and m.
15
Suppose -18*r + 11*r + 63 = 0. Suppose 18 = -6*i + r*i. Suppose 0 = -z + i*z - 20. Calculate the greatest common factor of 1 and z.
1
Let w be ((-330)/(-132))/((-20)/(-1728)). Calculate the highest common divisor of 1164 and w.
12
Let z(t) = -t**3 - 114. Let p = -42 + 42. Let n be z(p). Let j be (-6)/21 + n/(-7). Calculate the highest common factor of j and 2.
2
Let w(q) = 17*q**2 + 367*q + 1416. Let g be w(-4). Let b = 47 - -41. What is the greatest common factor of b and g?
44
Suppose g - 17 = -3*o, 3*g - 4*g - 2*o + 13 = 0. Let i be 13/(g + (-54)/12). Calculate the greatest common factor of 169 and i.
13
Let a be 141504/67 + (-6)/2. What is the highest common factor of 333 and a?
111
Let b(k) = -66*k - 458. Let p be b(-8). Suppose -78 - 72 = -3*r. What is the highest common factor of p and r?
10
Let r be 58*((-88)/(-16))/1. Let m = r + -298. What is the highest common divisor of m and 861?
21
Suppose -615256 = -86*n + 23294. Calculate the greatest common divisor of n and 330.
165
Suppose -115527 + 24703 = -76*u + 165068. What is the greatest common divisor of u and 21?
7
Suppose 4*s - 7*s = -942. Let a = s + -306. Calculate the highest common divisor of 124 and a.
4
Suppose 0 = 2*g - 0*g - 42. Let a(b) = 26*b**2 - 53*b**2 + 22*b**2 - 30 + 0 - 36*b. Let p be a(-6). What is the highest common factor of g and p?
3
Suppose -106 = 2*d - 2*t, 3*t + 332 = -4*d + 99. Suppose 0*g = g - 70. Let u = d + g. Calculate the greatest common divisor of u and 70.
14
Let j(z) = -z**3 - 23*z**2 - 44*z - 28. Let r be j(-21). Let q be (12/r)/((-12)/(-28)). What is the highest common factor of 26 and q?
2
Suppose 335 = 6*y - 85. Let r = 20 + -10. Suppose 2*j - 30 = -r. Calculate the greatest common factor of y and j.
10
Suppose 0 = 2*u + 5*x - 51, 39*u - 2*x = 42*u - 38. What is the greatest common factor of u and 568?
8
Suppose 222*z = -1064*z + 25720. Suppose 3*c = c + 360. What is the greatest common divisor of c and z?
20
Let v = -11 + 167. Let r = v - 130. Calculate the highest common factor of 312 and r.
26
Suppose 2225 = -0*k + k + 345. What is the highest common divisor of k and 12?
4
Suppose -3*b - u - u + 56 = 0, 68 = 4*b + u. Let i be ((-284)/b - 4)*(-4)/3. Calculate the greatest common factor of 319 and i.
29
Suppose 14 + 32 = 4*f - u, -4*f = 3*u - 38. Suppose -6*b = f*b - 34. Calculate the highest common divisor of b and 3.
1
Let p(c) = 1902*c - 18081. Let m be p(15). Calculate the greatest common divisor of 129 and m.
129
Suppose -54*i = -2248 - 776. Let k be 6/1*(-4)/(-3). What is the highest common divisor of k and i?
8
Let j = 5410 + -2932. What is the highest common divisor of 42 and j?
42
Suppose -882*p + 156 = -878*p. What is the greatest common divisor of 4251 and p?
39
Let i(d) = -6*d - 4. Let w be i(3). Let t be -8 - w - 1*2. Let o(x) = x**3 + 3*x**2 - x. Let b be o(-2). Calculate the highest common divisor of b and t.
6
Let c be 2 - (-4)/(-3) - (-14)/6. Suppose 317 = r - 2*x - c, -2*r = -x - 646. Calculate the greatest common factor of r and 72.
36
Let n(b) = 2*b + 13. Let y be n(6). Let c be 171/45 + 5/y. Calculate the greatest common divisor of 164 and c.
4
Let l(v) = -75*v - 4713. Let t be l(-64). Suppose 4*k + k = 10. Suppose -3*g - k*g + 290 = 0. Calculate the highest common factor of g and t.
29
Suppose -w + 2*w - 275 = 0. Suppose -9*n + 67 = -w. Suppose 3*x - n = 58. Calculate the highest common factor of x and 32.
32
Let f be 1704/(-142)*(-7)/3. What is the highest common factor of 8092 and f?
28
Let z be 43/5 - 4/(-10). Suppose m + 0*m = 3*m. Suppose m = -8*g + 311 - 167. What is the highest common divisor of g and z?
9
Let y(t) = -t**3 + 3*t**2 + 27*t - 118. Let m be y(5). Let s = -86 + 159. Let u = s + m. What is the highest common factor of 120 and u?
40
Let d(t) be the second derivative of -t**3 - 33*t**2/2 - 22*t + 3. Suppose 0*k - 2*k = 12. Let f be d(k). Calculate the highest common factor of 15 and f.
3
Let o be (3/(-2))/3 + 9/18. Suppose o = -3*c - 4*k + 57 + 42, -5*c = -2*k - 191. What is the highest common divisor of 148 and c?
37
Suppose -2*l + 4*d + 26 = 0, 2*l + 9 = -2*d - d. Suppose j = -0*u + 2*u - 31, l*j = 15. Let a be u/(-30) + 84/15. What is the highest common factor of 55 and a?
5
Suppose -11*n + 6*n - 825 = 0. Let g = -164 - n. Calculate the greatest common factor of g and 16.
1
Suppose 155 - 14 = -3*k. Let r = k - -37. Let p be -24*r/5 - (2 + 1). Calculate the greatest common factor of p and 15.
15
Suppose 910 = 8*c - 754. Let w = -206 + c. What is the highest common divisor of 42 and w?
2
Suppose -3*j + 50*a + 148 = 55*a, 2*a = j - 31. What is the highest common factor of 13 and j?
1
Let q be (5 + 15)/((-12)/(-9)). Let p be q/10 + (-3795)/(-10) + -3. What is the greatest common divisor of 84 and p?
42
Suppose 5*n - 4*f - 147 = 0, -6*n + 144 = -n - 3*f. Let m = -25 + n. Let s be 6/(-12) - (-321)/m. Calculate the greatest common factor of s and 20.
20
Suppose -5*h + p + 56 - 36 = 0, -5 = 3*h - 4*p. Calculate the highest common divisor of h and 523.
1
Let x = 311176 - 311068. Suppose s = -3*s + 3*q + 9, 